rs of l?
7, 17, 29
Suppose 120*j - 262*j + 334908 = -121*j. List the prime factors of j.
2, 3, 443
What are the prime factors of (2/(-2))/(19/(-71763))?
3, 1259
Let u = 69 - 22. Suppose -5*z + 5*h - 55 = 0, u = -4*z + 2*h + 3*h. Let k(q) = -11*q - 18. What are the prime factors of k(z)?
2, 5, 7
What are the prime factors of (-92)/(-828) - 1779405/(-27)?
2, 3, 1373
Suppose -u + 5*v = 22, 3*v = 2*u - u + 14. Let b = u - -1. List the prime factors of 2 - (-4)/b - -110.
2, 3
Let x(t) = -t**3 + 59*t**2 - 171*t + 1037. List the prime factors of x(51).
2, 17, 193
Let m = -25 - -29. Let q be (m - 3)/(3/9). Suppose q*x + 2*x + 2*y - 550 = 0, 0 = -5*x + y + 565. List the prime factors of x.
2, 7
What are the prime factors of (-32)/(-6)*5535/4 - 4?
2, 461
Let j = 874 - 240. What are the prime factors of (0 + -2)/((-4)/j)?
317
Suppose 0 = -7*l + 16725 - 9718. What are the prime factors of l?
7, 11, 13
Let w(v) = v**3 + 80*v**2 + 323*v - 105. List the prime factors of w(-71).
137, 163
Suppose 7*c + 6*c = 611. Let j = -10 + c. Suppose -43*t + 42 = -j*t. List the prime factors of t.
7
Let m(h) = -174*h + 926. What are the prime factors of m(-27)?
2, 19, 37
Let j = -14 + 21. Suppose 4 = 6*x - j*x. What are the prime factors of (-1117)/x + -8 + 2/(-8)?
271
Let y be (8/6)/((-8)/336*-7). Suppose 4*f = 2*c - 196, -9*f + y*f = 2*c - 216. List the prime factors of c.
2, 53
Suppose 56472 - 50789 + 526541 = 44*w. What are the prime factors of w?
2, 3, 7
Let n(i) = -6 + i - 6*i + 29*i**2 - 2*i**3 + 2*i - 32*i**2. Let z = -23 + 20. What are the prime factors of n(z)?
2, 3, 5
Let d = 9492 + -4485. List the prime factors of d.
3, 1669
Let r be -5920*((-20)/(-110) + (-30)/44). Suppose -3*b + 11*b = r. List the prime factors of b.
2, 5, 37
Suppose 0 = 5*g - 5*q - 168450, -33674 = -957*g + 956*g - 3*q. What are the prime factors of g?
2, 16843
Let f(k) = 2*k**2 + 16*k - 14. Let i be f(-9). Suppose -i*y - 44 = -3*q, -5*y + 7 = 3*q - 19. What are the prime factors of q?
2, 3
Let x = -194 - -158. Let t(i) = -7*i + 18. What are the prime factors of t(x)?
2, 3, 5
Suppose 0 = n + 3*q - 4 + 2, n + 1 = -4*q. Suppose 4*z - 2*r = -10, 4*z - n*r + 6*r = -25. Suppose z = 13*i - 12*i - 52. List the prime factors of i.
2, 13
Suppose -2*b + l + 610 = 4*l, -4*b + 5*l + 1220 = 0. Let w = b + -208. Let t = w + -8. List the prime factors of t.
89
Suppose 68250 = 40*t + 10*t. What are the prime factors of t/78*348/5?
2, 3, 7, 29
Suppose -20*l + 19*l - 4 = 0. Let t be -44 + (1 + l - -8). Let g = t - -179. What are the prime factors of g?
2, 5, 7
Suppose 0 = t + j + 46, -3*t - 2*j - 182 + 47 = 0. Let x(r) = -13*r - 1. Let l be x(-2). Let o = l - t. What are the prime factors of o?
2, 17
Let n(q) = -q**3 - 5*q**2 + 5*q - 1. Let b be n(-6). Suppose b*j - 10 = -0*j. Suppose -6*i + 640 = j*i. List the prime factors of i.
2, 5
Suppose -3*b + 0*b + 5*z = -30, 3*b = -2*z + 51. Let n(a) = b + 18 + 0*a + 71 - a. List the prime factors of n(0).
2, 13
Let x(n) be the first derivative of 81*n**4/4 - n**3/3 - 15. Suppose 3*j - 12 = -3*q, -j + 3*q - 11 = -q. What are the prime factors of x(j)?
2, 5
Let f(g) = 9*g - 17. Let o be f(4). Let p(r) = 3*r - 54. Let d be p(o). List the prime factors of (272/2 - (-8 + 11)) + d.
2, 17
Suppose -4*w + n = -0*w + 2543, 3*w = n - 1907. Let g = w - -909. What are the prime factors of g?
3, 7, 13
Let t be (-123)/4 - (132/16)/(-11). List the prime factors of -336*((-8)/t)/((-12)/30).
2, 7
Suppose r - 2*r = -3*c + 1210, -4*r = -c + 385. Let p(w) = -2*w**3 - w**2 + 13. Let g be p(5). Let n = g + c. What are the prime factors of n?
11, 13
Suppose -4*s = -3*z - 23, -3*z = z + 4. Suppose 0*w = -s*w + 10. What are the prime factors of (-424)/(-16) + 1/w?
3
Suppose -14*r + 23*r + 27 = 0. List the prime factors of 9/((-72)/32) - 1005/r.
331
Let q = -384 + 858. List the prime factors of q.
2, 3, 79
Let y(w) = -w**2 - w + 185. Let s be y(-14). Suppose -11*g + 3*m + 2383 = -7*g, 0 = s*g + 3*m - 1761. What are the prime factors of g?
2, 37
Suppose 0 = 5*p - 4*o + o + 132, 0 = 3*p - o + 80. Let i = p + 36. Suppose 2*z - i*z + 1204 = 0. What are the prime factors of z?
2, 43
Let q(l) = 262*l + 7. Suppose -6*m + 5*n - 2 = -3*m, 0 = -3*m - 3*n + 6. Let r be q(m). Let t = r - 159. List the prime factors of t.
2, 5, 11
Let o = -2290 - -3723. Let b = 367 + o. What are the prime factors of b?
2, 3, 5
Suppose -36*v + 9*g + 205944 = -32*v, 0 = g. List the prime factors of v.
2, 3, 8581
Let q = 468 - -41. Let t = q - -660. List the prime factors of t.
7, 167
Suppose 5*n - 2*k - 45 = 0, 5*k = n - 3 - 6. Suppose -n*u + u = -96. List the prime factors of u - 15 - (-2 - 140).
139
Let z be 0/((-28)/(-4) + -6). List the prime factors of (z - 128/(-3))/(85/510).
2
Suppose -6*x = 3 + 21. Let j be 0 + (2 + x/8)*6. Suppose 0 = -j*g + 6*g + 15. What are the prime factors of g?
5
Suppose -2*u = -t + 2*t - 1572, 4*t = 2*u + 6238. Let j = 3051 - t. List the prime factors of j.
1489
Suppose 2*o - 5*o + 4*z = -29, 0 = -o + 5*z + 28. Suppose o*w - 286 = 53. Suppose 5*r = 1113 - w. What are the prime factors of r?
2, 5
Let x(a) be the second derivative of -62*a**3/3 - 16*a**2 + 2*a - 9. List the prime factors of x(-3).
2, 5, 17
Suppose -5*t + 52239 = -2*k, 2*t + 563*k = 568*k + 20904. List the prime factors of t.
31, 337
What are the prime factors of (79 + -136)*(-34)/6?
17, 19
Let d = -6564 + 10394. Suppose 7*r - d = 4178. What are the prime factors of r?
2, 11, 13
Let k(p) = -9*p - 16. Let y be k(-2). Suppose -4*f + 424 = y*x + 3*x, -5*f = -2*x - 497. What are the prime factors of f?
101
Let d(y) = -4*y**2 + 24*y - 28. Let h be d(5). Suppose -c + 1 = -0*c. List the prime factors of -66*(20/h + c).
3, 11
Let f(s) = 1 + 5*s**2 - s - 4 - s**2 + 15*s. Let x(i) = -3*i**3 + 4*i**2 - 2*i + 4. Let w be x(2). What are the prime factors of f(w)?
3, 47
Suppose 0 = -3*s, -134 = -3*o + 3*s + 88. Suppose -72*q = -o*q + 800. List the prime factors of q.
2, 5
Let i be -5 + 7 + (2726 - 8). Suppose 1582 + 5229 = 5*h - f, -4*f = 2*h - i. What are the prime factors of h?
2, 3, 227
Let p = 3779 - -2556. What are the prime factors of p?
5, 7, 181
Let q(t) = -t**2 + 19*t + 19. Let s(i) = i. Let k(x) = x + 45. Let b(n) = k(n) - 3*s(n). Let l be b(17). List the prime factors of q(l).
107
Let p = 288 - 285. Suppose 0 = -p*w - v - 628 + 4436, 0 = -v + 1. List the prime factors of w.
3, 47
Suppose 30*a - 187418 = 7*a - 51327. What are the prime factors of a?
61, 97
Let k = -188 + 172. Let u(l) = -l**3 - 14*l**2 + 31*l + 6. What are the prime factors of u(k)?
2, 11
Let i(k) = -32*k - 377. Let n be i(-48). Let g = 1711 - n. What are the prime factors of g?
2, 3, 23
Suppose -5*b = -10*b + 1305. Let v = 768 - b. What are the prime factors of v?
3, 13
Let o = 120 - 119. Let m = o + 231. What are the prime factors of m?
2, 29
Let i(m) = -14 - 4 - 3*m**2 + 9*m**2 - 5*m**2 - 11*m. Let q be i(17). Let j = q + -47. What are the prime factors of j?
37
Let q(u) = -15*u + 400. Let s(x) = 57*x + 4. Let y be s(-1). List the prime factors of q(y).
5, 239
Suppose -f = -9 + 1. Suppose -f*l - l - 4392 = 0. What are the prime factors of (l/10)/(8/(-20))?
2, 61
Let y = 21045 + 4416. What are the prime factors of y?
3, 23, 41
Let r be ((-299)/(-23))/(1/13). Suppose -4*v = -1539 - r. What are the prime factors of v?
7, 61
Suppose -19*v + 26*v = -1694. Let p = -192 - v. List the prime factors of p.
2, 5
Let u be 7*(-1 + 19/7). Let g(o) = -23*o + 39. Let k(p) = 21*p - 45. Let m(q) = 2*g(q) + 3*k(q). List the prime factors of m(u).
3, 7
Suppose 13 = 5*k + h, 2*k - 10 = -2*h - 0. Suppose -3*z - 3*f = 2*z + 19, 4*z = k*f - 24. Let m = z - -23. List the prime factors of m.
2, 3
Suppose -d = -5*m - 15, -2*d + 5*m = -6 - 9. Suppose o - 4 - 6 = d. Let z(w) = -w**3 + 10*w**2 + 4*w - 9. What are the prime factors of z(o)?
31
Let a be 1 + (-6)/2*(-3)/(-9). Suppose -37*x + 33*x + 364 = a. Let d = x - 35. What are the prime factors of d?
2, 7
Suppose -31*f + 25*f = 60*f - 4291122. What are the prime factors of f?
79, 823
Let z(q) be the third derivative of -q**5/60 - 5*q**4/24 + 11*q**3/6 + 24*q**2. Let j be z(-6). Suppose 0 = -j*d + 109 + 541. What are the prime factors of d?
2, 5, 13
Let p = 26 - 22. Suppose -5*h - 5 = -p*a, -3*a + 0*a + 4*h + 3 = 0. Suppose -4*g = -2*w 